3 - 7*v**2 + 12*v - 9. Let o be s(4). Let z be 8/(o/(108/(-16))). Let u be ((-6)/5)/(1/(-5)). Calculate the greatest common factor of u and z.
6
Let j(g) = -g**3 + 8*g**2 - 45*g - 350. Let c be j(-13). What is the greatest common divisor of c and 16?
8
Let m(h) = 26*h**3 + 119*h**2 - 581*h - 9. Let x be m(5). What is the greatest common factor of 99 and x?
11
Let c(u) = 20*u + 2 - 13*u**2 + 12*u**2 - 21*u. Let g be c(2). Let l be 4 - (g - (3 + 3)). Calculate the greatest common divisor of l and 112.
14
Suppose -2185*w - 708 = -2188*w - 3*k, 706 = 3*w + 4*k. Calculate the greatest common factor of 4403 and w.
119
Suppose 5*t + 4*q - 7*q = 63, 0 = -2*t - 3*q + 42. Let n = 9 + -11. Let x = 7 + n. Calculate the highest common factor of t and x.
5
Suppose 4997*z - 5006*z = -31995. Calculate the greatest common divisor of 45 and z.
45
Suppose 3*h - 3*b = 195, -2*b + 47 = 3*h - 123. Let a(v) = -2*v + 3. Let o be a(-6). Calculate the highest common divisor of h and o.
15
Let q = -15229 + 26845. Calculate the greatest common factor of q and 144.
48
Let c = -158 - -157. Let f = 5 + c. Calculate the highest common divisor of 6 and f.
2
Let p(u) = -u**3 - 7*u**2 - 10*u - 1. Suppose 2 - 14 = 6*v. Let h be p(v). Let w be ((21 - -2) + h)/(8/52). What is the greatest common divisor of 11 and w?
11
Let k(y) = 16*y - 1. Let a be k(4). Suppose 5*p - 43 = 2*n, -4*n + 2*p - 53 = 25. Let v = a + n. What is the highest common factor of v and 11?
11
Suppose -4*k = -5*x - 20, -k + 5 = -0*k - 4*x. Suppose 4*g - 2*c = -0*g + 138, -c = -k*g + 168. What is the greatest common factor of 44 and g?
11
Suppose 2006 = 15*f - 10*f + 3*q, q = 6*f - 2398. What is the greatest common divisor of f and 250?
50
Let c(h) = -6*h**3 + 5*h**2 + 7*h + 11. Let m be c(-2). Suppose m*t = 68*t - 30. What is the greatest common factor of 20 and t?
10
Suppose 6*i = -142 - 164. Let t be 1/((-6)/(-2)) - 11407/i. Calculate the greatest common divisor of t and 14.
14
Suppose -3*x + 1 = 2*m + 3*m, -3*m = -5*x - 21. Let r be -4 + (154/2 - x). Let z = -54 + r. Calculate the highest common factor of 33 and z.
11
Let y be 14/84 + (-58)/(-12). Suppose -7 = -2*d - 4*h - 1, 0 = y*h. Calculate the highest common factor of d and 3.
3
Suppose -237*f = -d - 233*f + 25, 32 = 2*d - 5*f. Calculate the greatest common divisor of d and 269.
1
Suppose 21*a = 20*a + 5*b + 23793, -5*b = 10. Calculate the greatest common factor of a and 17.
17
Let y be 4*(-222)/24*13. Let h = y - -523. Calculate the highest common divisor of 189 and h.
21
Let k be (2 + -2)/((-2)/(0 + 1)). Suppose k = 5*s + 6*m - m - 95, m - 5 = 0. Suppose 17 = 5*p - 18. What is the highest common factor of p and s?
7
Suppose -5*d = -4*r - 380, -d + 77 = r - 8. Let j be (-5)/d*-40 - (-339)/2. What is the greatest common divisor of j and 8?
4
Let f(x) = 597*x - 2634. Let t be f(7). Calculate the greatest common factor of 15 and t.
15
Suppose -3*c = 2*s - 66, -3*c = -6*s - 8*c + 206. Calculate the greatest common divisor of s and 1116.
36
Let j(g) = g**2 + 18666*g + 60. Let c be j(0). Let y be 4/10 + 1046/10. Calculate the highest common divisor of y and c.
15
Let k be (2/6)/(1/2145). What is the highest common divisor of k and 20?
5
Let r be 3/(2 + (-1794)/888). Let f = 208 + r. Calculate the highest common factor of f and 24.
12
Let m be 533 - (-48)/(-4 - 2). Suppose m = 5*o + 475. Calculate the greatest common divisor of 6 and o.
2
Let b = -717 - -727. Let w be 8/6*6/4. What is the highest common factor of b and w?
2
Let l = 14 - 16. Let s be (l/(-2) + -6)/(2/(-14)). What is the highest common factor of s and 35?
35
Suppose -32328 = -23*s + 2241. What is the highest common divisor of 45 and s?
9
Let n be 18 + (-7)/((-168)/(-48)). Let j be (-4 + 1 - -2) + 657. Calculate the greatest common factor of n and j.
16
Let v = 112 - 363. Let s = v + 257. Calculate the greatest common factor of s and 354.
6
Let o = -2616 + 3736. What is the highest common divisor of o and 252?
28
Suppose -26*f = 4*f + 231 + 9. Suppose 8*a + 2*v = 4*a - 46, -a = -2*v + 4. Let t = f - a. What is the greatest common divisor of 5 and t?
1
Let n be (-10)/3*((-7293)/22)/13. Suppose 18*o = o + n. What is the highest common divisor of o and 20?
5
Suppose -4*b + i + 531 = 0, -3*b - i + 407 = -0*i. Let c = b + -103. Calculate the greatest common divisor of 31 and c.
31
Let y = -839 + 1095. Calculate the greatest common factor of y and 2944.
128
Let o(r) = 9*r + 191. Let c be o(-23). Let h be (-1 - -6)*1/((-4)/c). What is the greatest common factor of 70 and h?
10
Let o be 4/(-10) - (-91)/65. Let r(h) = 1377*h - 1372. Let q be r(1). Calculate the greatest common factor of q and o.
1
Let x be ((-92)/138)/(2/(-1935)). What is the greatest common divisor of 13115 and x?
215
Let b be (-10)/55 + 589868/1474. Calculate the highest common divisor of b and 736.
16
Suppose 5*a = 2*g + 11, -4*g - 22 = -5*g - 3*a. Let f be 3 + g + (0 - -4). What is the greatest common divisor of f and 8?
2
Let f(b) = b**2 + 29*b + 192. Let o be f(-22). What is the highest common factor of 418 and o?
38
Suppose -2*a + 7*a + 100 = 5*n, 64 = 3*n - 4*a. Let x be 6/(-9)*54/(-12). Let j = x - 1. What is the highest common divisor of n and j?
2
Suppose 0 = -3*v - 0*v + 42. Let m(o) = o**2 + 2276*o + 78547. Let l be m(-35). What is the highest common factor of v and l?
14
Let h = -379 + 261. Let i = h + 250. What is the greatest common divisor of 198 and i?
66
Suppose -4*u - 401 = -13*o + 8*o, 0 = -2*u + 2. What is the greatest common factor of 9 and o?
9
Let b(k) = -4*k**3 - 152*k**2 - 23*k - 37. Let x be b(-38). What is the highest common divisor of x and 54?
27
Let b be ((-243)/(-15) - 3)*5. Suppose -a = -5*y + 165, 2*a - b = -2*y - 0*y. Let q = 425 + -381. Calculate the highest common divisor of q and y.
11
Let i(u) be the first derivative of 2*u**2 + 82*u - 68. Let w be i(-18). What is the highest common factor of w and 230?
10
Let g be 10/(-15)*(-44 + 2). Let p be (-2827)/(-23) + g/322. Calculate the greatest common factor of p and 328.
41
Let s = -957 - -1254. What is the highest common divisor of 1386 and s?
99
Suppose 4*a = 4*i - 9176, -6889 = 6*i - 9*i - 4*a. What is the highest common factor of i and 85?
85
Let h be 18/5*((-5820)/97)/(18/(-4)). What is the greatest common factor of 512 and h?
16
Let z = -64 - -62. Let l be (-43)/z - (1 + 9/(-6)). Let k = 1 + 32. Calculate the highest common divisor of l and k.
11
Let q = -120 - -134. Suppose -q*i + 3*i = -2530. Calculate the highest common factor of 23 and i.
23
Suppose -5*m = -4*l - 45149, 14094 + 13053 = 3*m + 4*l. What is the greatest common divisor of m and 14?
7
Suppose 5*q - 13 = q - n, q + n - 1 = 0. Suppose -4*k = 2*z - 82 - 16, q*z + 4*k = 192. Calculate the greatest common divisor of z and 188.
47
Suppose b + m - 23 = 0, m + 26 = b - 5. Let g = 11 + b. Suppose 0 = -3*p - p + 1672. What is the greatest common divisor of g and p?
38
Let u = 90 - 50. Suppose 0 = -25*p + 56 - 256. Let g be p/12*(-13 - 2). Calculate the highest common divisor of g and u.
10
Let c be 21/(-14) + (-1)/(-2) - 13. Let z(t) = t**3 + 14*t**2 - 17*t - 29. Let s be z(c). Calculate the greatest common factor of 11 and s.
11
Suppose -8*i - 310 = -1174. What is the highest common factor of 3618 and i?
54
Suppose 236 = 14*b - 1444. Let u be (12/3 - 7) + b. What is the highest common divisor of 52 and u?
13
Let y be -3 + (-4 - (-92)/4). Let f be (y/(-4))/(7/(-140)). What is the highest common factor of f and 64?
16
Let c = 94 - 18. Suppose 0*o + 2*w = -o + c, -o + 4*w + 100 = 0. What is the greatest common factor of 56 and o?
28
Suppose -4*m = -2*m. Let i be 16 - (-3 - -2) - m. Suppose -2040 + 2176 = 2*o. What is the greatest common factor of i and o?
17
Let w = -127 + -45. Let y = w + 204. Calculate the highest common factor of 96 and y.
32
Let g be (-1)/(-4 + (-39)/(-9)). Let h be (-19)/g + (-9)/27. Let l be (4/h*3)/((-4)/(-56)). Calculate the highest common factor of 112 and l.
28
Let q = 178 + -154. Suppose q*z - 2088 = -12*z. What is the greatest common divisor of 1 and z?
1
Let d(f) = -f + 131. Let p(n) = -n**2 - 29*n - 167. Let o be p(-13). Let r be d(o). Let y be 2/(-3) - 364/(-6). What is the highest common divisor of y and r?
30
Suppose 3 = 3*v + 3*s, 0*s - 10 = 5*s. Suppose